?
False
Let m be (7821/(-27))/(2 - 237/117). Suppose -m = 16*n - 62193. Is n a composite number?
False
Let t(u) = u**3 + 3*u**2 - 11*u - 26. Let v be t(-4). Let n be (v - -960) + 4 - 1. Let l = 1376 - n. Is l prime?
False
Suppose -b + 62656 = 11288. Suppose -19*s + 27*s - b = 0. Is s prime?
True
Suppose 0 = 5*n - 10*n - 40. Let m be (-4)/2*276/n. Let z = m + 28. Is z composite?
False
Let n be 1437100/154 + 4/22. Let c = n + -4027. Is c prime?
False
Suppose 3*i - 9*i + 252 = 0. Is 49070/i*(3 + 0) composite?
True
Suppose -v = l - 25299 + 2279, 3*l + 2*v = 69060. Suppose -17*b = 3*b - l. Is b prime?
True
Let f be (2 + -1)*0/(-9). Suppose -4*y - 5*k + 26881 = 0, f = 3*y + 4*k - 14998 - 5163. Is y a prime number?
True
Let v = 158 + -141. Suppose 545446 = v*x + 5*x. Is x composite?
False
Let c = 668 + -652. Is 2/(c/2) + 1976139/132 a composite number?
True
Let v = 135 + -132. Suppose i = b - 5335 + 72, v*i = -b + 5255. Is b a prime number?
True
Let l(a) = 4*a**2 - 194*a - 579. Is l(100) a prime number?
True
Let w(l) = -715*l**3 + l**2 + 16*l + 19. Is w(-9) prime?
False
Let l = -57 - -61. Suppose -r + l*r = -10791. Is 6/(-15) - r/5 - -2 composite?
True
Let b(u) = -u. Let k(w) = -15*w**2 + 2*w - 4. Let x(f) = -6*b(f) - k(f). Let d be x(-2). Is 2/4 + 8764/d a prime number?
True
Suppose -85*g = -80*g - 1070. Let x = -218 + 131. Let k = g + x. Is k a composite number?
False
Let j(o) = 41*o**3 + 13*o**2 + 41*o + 10607. Let p(l) = 10*l**3 + 3*l**2 + 9*l + 2652. Let g(a) = -2*j(a) + 9*p(a). Is g(0) prime?
False
Let c = -420885 + 719306. Is c a composite number?
True
Suppose 0 = 4*r - 3*y - 372867, -13*r + 8*r - 3*y + 466050 = 0. Suppose r = 9*f + 31302. Is f a composite number?
True
Let o(s) = 28*s**2 - 14*s - 13. Suppose 0 = 7*g + 32 - 74. Let x(a) = a. Let q(t) = g*x(t) + o(t). Is q(-9) composite?
True
Let x(v) = -32*v + 8 - 7 + 3 - 1. Is x(-4) composite?
False
Suppose 84 = -87*t + 93*t. Suppose -t*j + 250975 = 11*j. Is j composite?
False
Let i = -84969 - -190220. Is i composite?
False
Let j(q) = 2489*q**2 + 29*q - 95. Is j(16) a composite number?
True
Let w = 453 - 1252. Let u = -386 - w. Is u prime?
False
Let u be 96/(2 + 60/(-32)). Suppose 12*t + 4*t - u = 0. Let n = 1406 + t. Is n a prime number?
False
Suppose -4*n = -29 + 25. Let c be ((-7)/2)/(1815/1812 - n). Let t = -1483 - c. Is t composite?
False
Let x = -106 - -109. Suppose x*u + 5011 = 17632. Suppose -1235 = 4*l - u. Is l a composite number?
False
Let m(o) = 16048*o**2 + 45*o - 79. Is m(2) prime?
False
Let r be ((-136)/(-17))/(4/15). Suppose -33260 = -40*p + r*p. Is p prime?
False
Let l be (-182)/(-5) + (152/20 - 8). Suppose 47*z - 6303 = l*z. Is z prime?
False
Let o be 12/((-288)/520) + 2/3. Is 6742/14 - (-12)/o a prime number?
False
Suppose 0 = 4*u - 20, y + 3*u + 13618 = 168342. Is y prime?
False
Let l = 225 - 217. Let g = -12 + 24. Suppose g*x - 3052 = l*x. Is x a composite number?
True
Let d = 45 - 39. Suppose -2*j - 4*m + 12 = 3*j, 2*m - d = 2*j. Suppose j = -9*u + 1706 + 1120. Is u composite?
True
Suppose -301307 + 5862508 = 31*a - 4426782. Is a composite?
False
Let n(y) = y**2 + 5*y - 19. Let o be n(-8). Suppose 0 = -5*m + 3*v - 7*v + 184521, o*m - 184509 = -v. Is m composite?
False
Suppose 0 = 6*z - z - 185. Suppose 57 = 3*d - 5*q, -4*d - 3*q + 39 + z = 0. Let i(s) = -s**3 + 18*s**2 + 21*s + 19. Is i(d) a composite number?
True
Let v be (-1)/((-18)/(-381)) + 4/24. Let p be 102/(-42) - 9/v. Is (p/(-5))/((-2)/(-3310)) prime?
False
Suppose -4*h + 3*i = -2*h - 81, -h = 5*i - 60. Suppose -h = -5*t + 10*t. Is (-1 + 93/t)/(4/(-174)) composite?
True
Let r(g) = 23*g**3 - 3*g**2 + 1. Let o be r(1). Suppose 6*n - o*n + 47445 = 0. Is n a composite number?
False
Let p(m) = -99*m - 7. Let h be p(-3). Suppose 24 = -7*u + 11*u. Suppose h = 8*y - u*y. Is y prime?
False
Suppose -4*n + 105 = 25. Suppose -22*p = -n*p + 6. Is (1 + -380)/(p/(-6)*-2) composite?
False
Suppose -248518 = -10*s - 15628. Suppose s = -8*y + y. Is (9/(-12) + y/(-12))*2 a composite number?
True
Let r = 82 + -83. Is 210 - (4*r - (-4 - -1)) prime?
True
Suppose -m - 4*u - 7 = 0, 2*u - 8 - 5 = 5*m. Let l(a) = -5578*a + 37. Is l(m) composite?
True
Suppose 0 = 4*m - 3*z - 90, z - 4 = -2. Let b be (-1 - -31)/(51/(-34)). Is b*-2*93/m composite?
True
Let h = -5274 - -16782. Let i = 16889 - h. Is i composite?
False
Let q be (57/6)/(4 + 1052/(-264)). Suppose -1867 = -2*x + q. Is x a prime number?
False
Let x(s) = 2*s**2 + 75*s + 70529. Is x(0) a prime number?
True
Let a = 170 - 168. Suppose 2*o - a*c - 2712 = 0, 0 = 8*c - 3*c - 25. Is o a composite number?
False
Let d be (5/(-3))/((15/(-9))/5). Suppose -r + 4*p = -5*r + 2164, -d*p = -r + 541. Is r composite?
False
Let l = -9648 - -17830. Is l prime?
False
Is (((-3)/1)/9)/(38/(-30253434)) a composite number?
False
Suppose 2*l + 4*q - 13755 - 57379 = 0, 0 = -3*l - q + 106706. Is l composite?
False
Let j = 128 + -123. Suppose -2*x = 3*h - 7133, j + 15 = 4*h. Is x a prime number?
True
Let g = 127804 - 6807. Is g a composite number?
False
Let z be 10*14*52*(-1)/(-4). Let w = z + -3507. Let n = -370 - w. Is n composite?
True
Suppose -4*g + 5*h = 10*h - 405103, -6*g + h = -607595. Is g prime?
True
Suppose 11*i = 1843311 - 510782. Is i composite?
False
Let t(o) = o + 14. Let s be t(-11). Suppose -1535 = -s*y - 320. Suppose 0 = -p + 14 + y. Is p composite?
False
Is -7 - ((-231)/(-22) + -11 - (-43587)/(-2)) prime?
True
Suppose 64*l = 155*l - 66*l - 1866325. Is l prime?
True
Let g(z) = -331*z - 222. Let k be g(41). Let b = 19572 + k. Is b a prime number?
True
Let g = 263 + -259. Is 13354*(g + -14*(-1)/(-4)) prime?
False
Let i = 972 - -487. Is i a composite number?
False
Let f be (-1 - -121) + 1 + (-2)/(-1). Let y be (-2)/(-14) - ((-9348)/(-14))/(-2). Let s = y - f. Is s a composite number?
False
Let a = 810321 - 386770. Is a prime?
False
Is ((-4)/5)/1 + (-17765493)/(-1275)*15 composite?
True
Suppose 0 = -4*q - 20, -10*x - 4*q = -5*x - 5. Suppose -5*i + 2*b = -20917, x*i + 3*b - 9523 = 11389. Is i composite?
True
Suppose -k = 4*j + 2255, -3*j - 4*k + 2260 = -7*j. Let x = j - -832. Let w = -119 + x. Is w composite?
False
Let o be (9/(-4))/(2/32). Is (-9)/6 - -2 - 19026/o composite?
True
Suppose 0*v - 216 = v. Let h(w) = -190*w - 1. Let l be h(-3). Let y = l - v. Is y prime?
False
Suppose 0 = 9*l - 15 - 30. Suppose l*b + 34 + 26 = 0. Is 58 - (b/3 + 3) prime?
True
Let o = 56536 - 14883. Is o a prime number?
False
Let t = 33 - 25. Suppose 3 = -t*c + 35. Is 85 - ((1 - c) + 1) a prime number?
False
Suppose 0 = -3*u - 12*x + 11*x + 1005, -3*u + 999 = 3*x. Suppose 2*a + 5*l - 967 = 0, 5*a - 2*l - 995 = 1408. Let f = a - u. Is f a composite number?
True
Suppose -25*z = -1270001 - 275324. Is z a prime number?
True
Let d(q) = 3*q - 8. Let s(a) = -4*a + 9. Let y(t) = -5*d(t) - 4*s(t). Let w be y(0). Suppose 6*m - 542 = w*m. Is m prime?
True
Let v(o) = o**3 - 9*o**2 - 9*o - 10. Suppose -r + 0 + 10 = 0. Let u be v(r). Suppose n = 2*p - 902, u*p - 4*p + 1788 = 2*n. Is p a prime number?
True
Suppose 69 = -2*h - s + 711, 0 = h + 4*s - 314. Let j = 1346 + -1343. Suppose c = j*k + h, -2*c = c - 3*k - 936. Is c a composite number?
False
Suppose 701*x = 833*x - 23378124. Is x a prime number?
False
Let o(z) = -208*z + 3. Let p(c) = -3*c - 16. Let g be p(-8). Let j = -9 + g. Is o(j) a composite number?
False
Suppose 6*i = 2*i + 128. Let t = i + -53. Is 2/14 - 22824/t a prime number?
True
Suppose 1986961 = 255*x - 146*x. Is x prime?
True
Let u(j) = -j**2 - 11*j + 1. Let i be u(-11). Let p be (3/(-9)*0)/(-1 - i). Suppose 3*d - 2911 = -p*d - 5*t, 3*t - 6 = 0. Is d composite?
False
Let l be (-6 - (-2 - 1))*(-1 - -6). Let x(b) = -1488*b + 33. Is x(l) a prime number?
False
Is 3 + 9/((-144)/(-9502024))*(-80)/(-28) prime?
False
Let r = -117 - -61. Let y = 57 + r. Is 2/7 - (y + (-33030)/35) a prime number?
False
Let a = 1703 - 171. Suppose -3*h - 2*n = 2*h - 1541, -n - a = -5*h. Is h a composite number?
False
Suppose 20*s + 17*s + 24305420 = 57*s. Is s a prime number?
True
Suppose 2*j - 4*n + 6608 = 0, n + 542 = -3*j - 9349. Let s = -1719 - j. Is s a composite number?
False
Let j(h) = -28 - 95*h**3 + 13*h + 94*h**3 - 5*h**2 - 9*h**2. Let p be j(-15). Suppose 0 = p*c - c - 631. Is c a composite number?
False
Let s(i) = 344*i + 121 -